(b) = -6*b - 6. Let f be s(d). What is the highest common factor of f and 270?
30
Let w be (2*11)/(-11 - (6 + -18)). Suppose 68 = -5*b + b. Let h = w + b. Calculate the highest common divisor of h and 5.
5
Suppose 31*n = -59*n + 37*n + 3922. Let i(f) = 10*f. Let r be i(4). Let m = n - r. What is the greatest common factor of m and 34?
34
Let l be 2/3 + 222/(-9). Let t be 27/12*l/6. Let h be 5/((-75)/t)*10. Calculate the greatest common factor of h and 36.
6
Let y be (-3 + 5 + -1)/(-1)*-14. Suppose -p + 0*p = 0. Suppose 4*l - 5*n - 25 - 16 = p, -55 = -5*l + 5*n. Calculate the highest common factor of l and y.
14
Let y be -3*(-96)/4 - -2. Suppose -i = i + y. Let z = -33 - i. Calculate the highest common divisor of z and 20.
4
Let l(u) = -6*u**2 - 91*u - 36. Let g be l(-8). Calculate the greatest common divisor of 1155 and g.
77
Let k = 205 - 165. Suppose 2*b = -4*c + 84, -2 - k = -2*c + 5*b. What is the highest common divisor of c and 3?
3
Let h be ((-52)/(1092/693))/(6/(-2860)). Calculate the highest common factor of 130 and h.
130
Let t be 102/(-51)*(-1 + 225 + -1). Let c = t + 604. Calculate the highest common divisor of c and 79.
79
Suppose 2*i + 143 - 203 = -4*r, -5*r + 48 = 7*i. What is the greatest common divisor of r and 67842?
18
Suppose 0 = 37*r - 29*r - 3848. Let j = r + -345. What is the highest common divisor of 187 and j?
17
Let n = 28 + -14. Let k be (-4)/n + (-7570)/(-35). What is the highest common divisor of k and 27?
27
Suppose f = -2*o + 3*f + 6, f = -4*o - 13. Let g be (-1 + 2)*(o + 173) + -3. Let h = -54 + g. What is the greatest common factor of h and 76?
38
Let i(c) = -44*c + 612. Let u be i(12). Suppose -j - 2*j = 5*m - 598, 2*j + 5*m - 402 = 0. What is the greatest common divisor of j and u?
28
Let l be (7/(-35))/(3/(-30)). Suppose l*u - 4*h = 30, 2*u + 4 - 16 = -2*h. What is the greatest common factor of 171 and u?
9
Let l be (-1 - -16)*14/5. Suppose -334 = -3*d - 2*y, 60*d - 5*y = 58*d + 229. What is the greatest common factor of l and d?
14
Let z = 6347 - 5922. What is the highest common factor of 725 and z?
25
Suppose -71 = 4*n + 8*a - 7*a, 0 = 3*n - 3*a + 57. Let k be 31/3 + n/(-27). What is the greatest common divisor of 33 and k?
11
Let k be (-5 - 474/(-12))/((-2)/(-108)). What is the greatest common divisor of 23 and k?
23
Let b be (-4)/((-20)/365) - (1 - 3). Let r = 81 - b. Let v(u) = 3*u**2 - 9*u - 5. Let l be v(r). Calculate the greatest common factor of l and 7.
7
Suppose -1584 = -63*o + 30*o. Suppose 13*z = -3*z + o. Calculate the greatest common factor of 189 and z.
3
Suppose -11*s + 16*s + 14732 = 4*g, 4*s = 5*g - 18415. Calculate the highest common divisor of 254 and g.
127
Let i be (-1 - (-461)/(-4))/((-25)/2600). Calculate the highest common factor of i and 620.
310
Suppose -3*o + 57 = -0*o - 3*a, -2*o + 4*a + 48 = 0. Suppose -o = -3*k + v, -2*k + 15*v - 14*v = -11. Calculate the highest common divisor of 21 and k.
3
Let q = -50 - -66. Let a be (2 - (-660)/q) + 3/(-12). Suppose -a = -3*h + 4*d + 46, -2*h + 78 = 2*d. Calculate the greatest common divisor of h and 14.
7
Let b = 5398 - 2372. What is the greatest common factor of b and 51?
17
Let n = -21109 + 24622. What is the greatest common divisor of 6 and n?
3
Suppose 2*o = 5*h - 2376, 3*o + 483 = -3*h + 4*h. Let w = h + -383. What is the highest common divisor of 28 and w?
7
Suppose y = -3*a + 39, 6*y - y = -a + 13. Let o = a + 32. Let q(t) = -t**2 + 8*t + 9. Let h be q(8). What is the highest common factor of o and h?
9
Let b(g) = 2*g**3 - 37*g**2 + 22*g - 26. Let o be b(18). Calculate the greatest common divisor of 598 and o.
46
Let k be 928/(-6) + (-17)/(204/16). Let n = 184 + k. What is the greatest common divisor of n and 476?
28
Let t(p) = -2*p**3 + 14*p**2 + 24*p - 3. Let f be t(-8). Calculate the greatest common divisor of 30 and f.
15
Let k = 2426 - 2366. What is the highest common divisor of k and 735?
15
Let n(l) be the second derivative of 5*l**3/6 + 7*l**2/2 + 13*l. Let a be n(0). Suppose 1320 = -a*c + 12*c. Calculate the greatest common factor of 24 and c.
24
Suppose 5*g + 231*k - 2702 = 234*k, 0 = -g - k + 550. Calculate the highest common factor of g and 168.
8
Let d = 71 - 61. Suppose -52 = -14*w + d*w. What is the greatest common factor of w and 1?
1
Let f(l) = 2*l**2 - 4*l. Let q be f(7). Let w be 47 + 1*(4 - 21). What is the highest common divisor of q and w?
10
Let x be (-212)/10*(-16 - (-18 + 7)). What is the highest common divisor of x and 5194?
106
Let s = 499 + -381. Let t = s + 284. What is the greatest common divisor of t and 67?
67
Let l be (-2 + 8/(-6))*(-16 - (-2588)/(-10)). Calculate the highest common factor of 8 and l.
4
Let p(c) = c**2 - 2*c + 2. Let f = -45 + 45. Let y be p(f). Suppose -1 - y = -q. Calculate the greatest common divisor of q and 39.
3
Suppose -14*l = -15*l - 169. Let s = l - -283. What is the highest common factor of s and 171?
57
Let s(f) = 25*f + 57. Let h be s(-2). What is the greatest common divisor of 154 and h?
7
Let i(s) = -2*s**2 + 6*s - 25. Let u(d) = 6*d**2 - d + 2. Let r be u(1). Let k be i(r). Let v = 10 - k. What is the highest common divisor of v and 13?
13
Let f(l) = -l**3 - 17*l**2 + 56*l - 40. Suppose n + 3*u + 12 = 5*u, 0 = 3*n - 2*u + 52. Let v be f(n). What is the greatest common divisor of 160 and v?
40
Let y = -1746 - -1776. What is the highest common divisor of y and 320?
10
Let g = 3705 + -780. What is the highest common divisor of 351 and g?
117
Let y be -4 + 605 + 5 + -4. What is the highest common factor of 84 and y?
14
Let r be (8/(-12)*9)/((-17)/34). Calculate the highest common divisor of 5790 and r.
6
Let b(v) = -v**2 + 14*v - 5. Suppose 5*q - 25 = o, o = -2*q - o + 22. Let x be b(q). Suppose -3*k + 354 = -291. What is the greatest common divisor of k and x?
43
Suppose -403 + 3 = -25*b. Suppose 14*l - 2700 = -b*l. What is the highest common divisor of 27 and l?
9
Let b(x) = -8*x - 40. Let c be b(-14). Suppose -c + 222 = 5*q. What is the highest common divisor of 75 and q?
15
Let z(n) = -n**2 + 82*n - 557. Let r be z(71). Suppose 3*d = -d + 128. Calculate the greatest common factor of d and r.
32
Suppose 0*y + 3*y = -0*y. Suppose u + 3*o + 0 - 15 = y, -4*o = -8. Suppose 0 = -3*l + 2 + 1. What is the greatest common factor of l and u?
1
Let g be 14 + -6 + 3912/16 - (-2)/4. Suppose 11 = 4*v - 33. What is the highest common factor of v and g?
11
Let i(g) = -33*g + 63. Let a be i(-1). What is the greatest common divisor of a and 1024?
32
Let d be (-16)/10 + (-8)/20. Let f be 149 + d + -5 + 2. Suppose -5*n + 189 = 29. Calculate the highest common factor of f and n.
16
Suppose 3*s + 3*o = 18, 4*o + 22 + 31 = 3*s. Let c = -10 + 11. Suppose -n + s = c. What is the greatest common factor of 20 and n?
10
Let h be (5 - (5 - (-11584)/(-40)))*(10 - 0). Calculate the greatest common factor of h and 544.
16
Let j(y) = -2*y. Let d(l) = -l + 3. Let b be d(-2). Let a = b - 12. Let i be j(a). Calculate the highest common divisor of i and 2.
2
Let d(y) = 2*y**3 + 13*y**2 + 58. Let b be d(-7). What is the highest common divisor of b and 2817?
9
Let y be -8 + 5/40*-14*(-684)/9. Let s be -1 + 4/2 + 49. What is the greatest common factor of s and y?
25
Let y(b) = b**2 + 8*b - 8036. Let v be y(86). Let m = -4 - -7. What is the greatest common factor of v and m?
3
Let m(h) = -157*h + 2209. Let y be m(14). Let d(t) = 7*t - 6 + t**3 - 5*t + 13*t - 12*t**2. Let b be d(y). What is the highest common divisor of b and 190?
38
Suppose -2*u - 70 = -y, 3*y - 19*u = -14*u + 208. Let g be (8/(-10))/(4/(-110)). What is the greatest common factor of g and y?
22
Suppose 3*k - k - 2*s - 96 = 0, -5*k + 240 = -s. Suppose 0 = 3*h + 4*j - 580, -2*h = -5*h - j + 577. What is the greatest common factor of k and h?
48
Suppose 7*g - 41*g + 612 = 0. Suppose 3*f = 3*p - 171, 3*p + g*f - 147 = 15*f. Calculate the highest common factor of p and 477.
53
Suppose 0 = -3*g - 5*j - 0*j + 191, 0 = -4*j - 20. Let k(b) = 17335*b**2 - 69214*b. Let y be k(4). Calculate the highest common factor of y and g.
72
Let o(x) = -3*x**3 - 7*x**2 - 20*x - 3. Let p be o(-2). Let f(l) = l**3 - 34*l**2 + 33*l + 56. Let m be f(p). What is the highest common divisor of m and 728?
56
Suppose -10*x = -14*x + 5*j + 7, 0 = -2*j + 10. What is the 